{"id":1467,"date":"2025-02-18T13:41:31","date_gmt":"2025-02-18T12:41:31","guid":{"rendered":"https:\/\/dt-auto.com\/?page_id=1467"},"modified":"2025-11-19T23:16:11","modified_gmt":"2025-11-19T22:16:11","slug":"cat-wiertnice-do-iglofiltrow","status":"publish","type":"page","link":"https:\/\/dt-automatyzacja.pl\/index.php\/cat-wiertnice-do-iglofiltrow\/","title":{"rendered":"CAT &#8211; Wiertnice &#8211; Do ig\u0142ofiltr\u00f3w"},"content":{"rendered":"<div style=\"height:64px\" aria-hidden=\"true\" class=\"wp-block-spacer not-mobile\"><\/div>\n\n\n\n<div style=\"height:40px\" aria-hidden=\"true\" class=\"wp-block-spacer not-desktop\"><\/div>\n\n\n<h1 class=\"wp-block-heading full-screen-padding has-text-color has-link-color wp-elements-363d1e0f83c612cd2fe8f7773c729503\" style=\"color:#e30614\">WIERTNICA DO IG\u0141OFILTR\u00d3W<\/h1>\n\n\n\n<p class=\"full-screen-padding has-black-color has-text-color has-link-color has-medium-font-size wp-elements-afe1f46719f327d823de3805592406b0\">Wiertnica do ig\u0142ofiltr\u00f3w, przeznaczona do wsp\u00f3\u0142pracy z koparkami, ma mo\u017cliwo\u015b\u0107 wykonywania odwiert\u00f3w pionowych jak i pochy\u0142ych na mi\u0119kkich glebach. Maksymalna g\u0142\u0119boko\u015b\u0107 odwiertu wynosi 8 m, a jego \u015brednica to maksymalnie 110 mm.<\/p>\n\n\n\n<div class=\"wp-block-group full-screen-padding\"><div class=\"wp-block-group__inner-container is-layout-constrained wp-block-group-is-layout-constrained\"><div style=\"height:64px\" aria-hidden=\"true\" class=\"wp-block-spacer not-mobile\"><\/div>\n\n\n\n<div style=\"height:40px\" aria-hidden=\"true\" class=\"wp-block-spacer not-desktop\"><\/div>\n\n\n<figure class=\"wp-block-image size-full center\"><img loading=\"lazy\" decoding=\"async\" width=\"149\" height=\"790\" src=\"https:\/\/dt-auto.com\/wp-content\/uploads\/2025\/02\/wiertnice-wiertnica-do-iglofiltrow-wykres.jpg\" alt=\"wiertnice do ig\u0142ofiltr\u00f3w\" class=\"wp-image-1493\"\/><\/figure>\n<\/div><\/div>\n\n\n<div style=\"height:64px\" aria-hidden=\"true\" class=\"wp-block-spacer not-mobile\"><\/div>\n\n\n\n<div style=\"height:40px\" aria-hidden=\"true\" class=\"wp-block-spacer not-desktop\"><\/div>\n\n\n<h2 class=\"wp-block-heading full-screen-padding\">SPECYFIKACJA TECHNICZNA:<\/h2>\n\n\n\n<div class=\"wp-block-group full-screen-padding\"><div class=\"wp-block-group__inner-container is-layout-constrained wp-block-group-is-layout-constrained\"><div class=\"su-table su-table-alternate\">\n<table>\n<tbody>\n<tr>\n<th>MODEL<\/th>\n<th>WIERTNICA DO IG\u0141OFILTR\u00d3W<\/th>\n<\/tr>\n<tr>\n<td>WYMIARY ZEWN\u0118TRZNE D\u0141. \/ SZER. \/ WYS. (mm)<\/td>\n<td>7 500 \/ 1 500 \/ 1 000 <\/td>\n<\/tr>\n<tr>\n<td>MASA MAKSYMALNA (kg)<\/td>\n<td>1 500<\/td>\n<\/tr>\n<tr>\n<td>MOMENT OBROTOWY WIERCENIA MIN \/ MAX (Nm)<\/td>\n<td>1 460 \/ 2 920<\/td>\n<\/tr>\n<tr>\n<td rowspan=\"2\">PR\u0118DKO\u015a\u0106 OBROTOWA WRZECIONA PRZEK\u0141ADNI WIERTNICZEJ (OBR\/MIN)<\/td>\n<td class=\"no\">0-280 (1 460 Nm)<\/td>\n<\/tr>\n<tr>\n<td class=\"no gr\">0-140 (2 920 Nm)<\/td>\n<\/tr>\n<tr class=\"rev-col\">\n<td>SI\u0141A POCI\u0104GOWA (kN)<\/td>\n<td>1 900<\/td>\n<\/tr>\n<tr class=\"rev-col\">\n<td>MAKSYMALNE ROZSZERZENIE WIERT\u0141A (mm)<\/td>\n<td>110<\/td>\n<\/tr>\n<tr class=\"rev-col\">\n<td>MAKSYMALNA G\u0141\u0118BOKO\u015a\u0106 WIERCENIA (mm)<\/td>\n<td>8 000<\/td>\n<\/tr>\n<tr class=\"rev-col\">\n<td>\u015aREDNICA G\u0141OWICY WIERT\u0141A (mm)<\/td>\n<td>76<\/td>\n<\/tr>\n<tr class=\"rev-col\">\n<td>\u015aREDNICA WIERT\u0141A (mm)<\/td>\n<td>64<\/td>\n<\/tr>\n<tr class=\"rev-col\">\n<td>NAP\u0118D POSUWU WG\u0141\u0118BNEGO<\/td>\n<td>\u0142a\u0144cuch<\/td>\n<\/tr>\n<\/tbody>\n<\/table>\n<\/div>\n<\/div><\/div>\n\n\n<div style=\"height:64px\" aria-hidden=\"true\" class=\"wp-block-spacer not-mobile\"><\/div>\n\n\n\n<div style=\"height:40px\" aria-hidden=\"true\" class=\"wp-block-spacer not-desktop\"><\/div>\n\n\n<h2 class=\"wp-block-heading has-text-align-center full-screen-padding\">ZOBACZ JAK PRACUJE:<\/h2>\n\n\n\n<figure class=\"wp-block-embed is-type-video is-provider-youtube wp-block-embed-youtube custom-video wp-embed-aspect-4-3 wp-has-aspect-ratio\"><div class=\"wp-block-embed__wrapper\">\n<iframe loading=\"lazy\" title=\"Wiertnica do ig\u0142ofiltr\u00f3w z szybkoz\u0142\u0105czem Oilquick\" width=\"800\" height=\"600\" src=\"https:\/\/www.youtube.com\/embed\/k4ueB81KbBc?feature=oembed\" frameborder=\"0\" allow=\"accelerometer; autoplay; clipboard-write; encrypted-media; gyroscope; picture-in-picture; web-share\" referrerpolicy=\"strict-origin-when-cross-origin\" allowfullscreen><\/iframe>\n<\/div><\/figure>\n\n\n<div style=\"height:64px\" aria-hidden=\"true\" class=\"wp-block-spacer not-mobile\"><\/div>\n\n\n\n<div style=\"height:40px\" aria-hidden=\"true\" class=\"wp-block-spacer not-desktop\"><\/div>\n\n\n<div class=\"wp-block-buttons is-content-justification-center is-layout-flex wp-container-core-buttons-is-layout-16018d1d wp-block-buttons-is-layout-flex\">\n<div class=\"wp-block-button has-custom-width wp-block-button__width-50 has-custom-font-size is-style-outline has-small-font-size is-style-outline--3\"><a class=\"wp-block-button__link has-text-color has-link-color has-text-align-center wp-element-button\" href=\"\/wp-content\/uploads\/2025\/01\/katalog-2.pdf\" style=\"border-radius:0px;color:#e30614\"><strong>POBIERZ KATALOG<\/strong><\/a><\/div>\n<\/div>\n\n\n<div style=\"height:64px\" aria-hidden=\"true\" class=\"wp-block-spacer not-mobile\"><\/div>\n\n\n\n<div style=\"height:40px\" aria-hidden=\"true\" class=\"wp-block-spacer not-desktop\"><\/div>","protected":false},"excerpt":{"rendered":"<p>WIERTNICA DO IG\u0141OFILTR\u00d3W Wiertnica do ig\u0142ofiltr\u00f3w, przeznaczona do wsp\u00f3\u0142pracy z koparkami, ma mo\u017cliwo\u015b\u0107 wykonywania odwiert\u00f3w pionowych jak i pochy\u0142ych na mi\u0119kkich glebach. Maksymalna g\u0142\u0119boko\u015b\u0107 odwiertu wynosi 8 m, a jego &#8230;<\/p>\n","protected":false},"author":2,"featured_media":0,"parent":0,"menu_order":0,"comment_status":"closed","ping_status":"closed","template":"template-fullwidth-stretched.php","meta":{"footnotes":""},"class_list":["post-1467","page","type-page","status-publish","hentry"],"aioseo_notices":[],"_links":{"self":[{"href":"https:\/\/dt-automatyzacja.pl\/index.php\/wp-json\/wp\/v2\/pages\/1467","targetHints":{"allow":["GET"]}}],"collection":[{"href":"https:\/\/dt-automatyzacja.pl\/index.php\/wp-json\/wp\/v2\/pages"}],"about":[{"href":"https:\/\/dt-automatyzacja.pl\/index.php\/wp-json\/wp\/v2\/types\/page"}],"author":[{"embeddable":true,"href":"https:\/\/dt-automatyzacja.pl\/index.php\/wp-json\/wp\/v2\/users\/2"}],"replies":[{"embeddable":true,"href":"https:\/\/dt-automatyzacja.pl\/index.php\/wp-json\/wp\/v2\/comments?post=1467"}],"version-history":[{"count":7,"href":"https:\/\/dt-automatyzacja.pl\/index.php\/wp-json\/wp\/v2\/pages\/1467\/revisions"}],"predecessor-version":[{"id":2521,"href":"https:\/\/dt-automatyzacja.pl\/index.php\/wp-json\/wp\/v2\/pages\/1467\/revisions\/2521"}],"wp:attachment":[{"href":"https:\/\/dt-automatyzacja.pl\/index.php\/wp-json\/wp\/v2\/media?parent=1467"}],"curies":[{"name":"wp","href":"https:\/\/api.w.org\/{rel}","templated":true}]}}